 = 7. Let u be (-3)/((-15)/100)*v/2. Let w be (u/4 - -2)/(2/(-8)). Calculate the highest common factor of w and 1.
1
Let m = 7 - -50. Suppose j - 2*l - 408 = -320, 0 = j - 3*l - 94. Calculate the greatest common divisor of j and m.
19
Let t be ((-23)/46)/((2/(-436))/1). Let f = 229 - t. Let u be ((-92)/6)/((-496)/f + 4). What is the greatest common divisor of 46 and u?
23
Suppose 0*s - 2*s + 2*y = -40, 3*y - 24 = -s. Let n(m) = -m**3 + 9*m**2 - 7*m - 24. Let a be n(6). Calculate the greatest common factor of a and s.
21
Suppose 4*k = 6*k - 10, k = -5*l + 55. Let n be (-4)/l - (4 + (-292)/5). What is the highest common divisor of n and 162?
54
Let y be (3 - 0)*-2 - -2. Let t(m) = 2*m**2 - 2*m - 3. Let c be t(y). Suppose w - 1672 = -1598. Calculate the greatest common divisor of c and w.
37
Let l(y) = -8*y - 123. Let j be l(-16). Suppose 17*w - 1980 = -j*w. What is the highest common factor of w and 225?
45
Let m = -39577 + 39643. What is the greatest common factor of 10329 and m?
33
Let s(z) = -87*z - 33. Let t be ((-18)/12 - -2)/((-1)/4). Let n be s(t). What is the highest common factor of 94 and n?
47
Let h(u) = u. Let c = -74 + 68. Let v(s) = -7*s**2 - 18*s - 7. Let r(k) = c*h(k) - v(k). Let l be r(-6). What is the highest common divisor of 17 and l?
17
Let c(z) = -10*z - 3. Let l be c(-1). Suppose 98*v = 82*v + 128. Suppose -v*j + l*j = -6. Calculate the highest common factor of j and 54.
6
Let o = 275 - 116. Suppose -4*j - o = -5*y + 61, 0 = 5*y + 3*j - 220. Let h be (16/(-3))/4*-3. What is the greatest common divisor of y and h?
4
Let l = -112 + 112. Suppose 4*o = 0, l*o + 2*o = -3*c + 858. Calculate the greatest common divisor of c and 52.
26
Let d(r) = -r + 12. Let l be d(-4). Let m(x) = -10*x**2 - x - 1. Let s be m(2). Let n = s - -155. Calculate the highest common factor of l and n.
16
Suppose 0 = 4*r - m - 30 - 27, -4*m = -r + 33. Let d be 14/(-91) + 548/r. What is the greatest common factor of d and 6?
6
Let c(h) = -2*h**2 - 8*h + 349. Let l be c(0). Suppose 4*o = l - 209. Calculate the highest common divisor of o and 7.
7
Let i(o) = 3*o**2 - 25*o. Let c be i(9). Suppose -9 = 3*w, -5*y + 356 + 421 = -4*w. What is the highest common factor of y and c?
9
Let k be (39/4)/(3/16). Let p = -56 + 29. Let f = 53 + p. What is the highest common divisor of f and k?
26
Let j(s) = s**3 + 5*s**2 + 3*s - 4. Let z be j(-2). Suppose 0 = -z*v + 2*m + 27 + 45, -2*v - m + 60 = 0. Calculate the greatest common divisor of 232 and v.
8
Let d be ((-1444)/(-3))/4 - (-4 + (-80)/(-24)). What is the greatest common factor of 9801 and d?
121
Let d = 5575 - 4918. What is the greatest common divisor of d and 18?
9
Suppose -20*q + 746 = -4294 - 60. Calculate the highest common factor of 30 and q.
15
Suppose 2*n = -0*n + 8. Suppose 0 = v - 5*z + 7, -209*v = -210*v - z + 5. Calculate the greatest common factor of v and n.
1
Suppose -2*x - 6*n + 7 = -n, -3*x = -n - 36. Suppose -q + 43 + x = 0. Suppose -152418*u + 1080 = -152378*u. What is the greatest common divisor of u and q?
27
Let j(l) = 170*l - 66. Let n be j(-3). Let w = n + 593. What is the highest common divisor of 187 and w?
17
Suppose 0 = -5*i - 5*l + 1144 + 66, -3*l + 485 = 2*i. Suppose 0 = -z + 3*q + i, -8*q = 4*z - 5*q - 1009. What is the highest common factor of 20 and z?
10
Let n(m) = 12*m - 33. Let v be n(3). Suppose t - 5*o + v - 65 = 0, t + 3*o = 46. What is the highest common divisor of 286 and t?
26
Suppose 9 = 3*b, b = -4*g - 0*b + 11751. Suppose -681 = 6*q - g. Calculate the greatest common factor of 47 and q.
47
Let q(p) = p**3 - p**2 + 14*p - 13. Let z be q(7). Suppose 7*w + z = 9199. Suppose -5*j + w = 2*j. What is the greatest common divisor of 20 and j?
20
Let a(v) = 45*v**3 + 8*v**2 - 3*v - 30. Let l be a(3). What is the greatest common factor of 960 and l?
96
Let s(j) = j**3 - 14*j**2 + 47*j - 66. Suppose -3*w + 3*f = -47 + 11, 4*f - 36 = -3*w. Let u be s(w). What is the highest common divisor of u and 10?
10
Let o be (-8508)/(-432)*4 + 2/9. What is the highest common factor of 2133 and o?
79
Let p(t) = t**2 + 64*t - 131. Let o be p(54). Calculate the greatest common divisor of o and 79.
79
Let j = 1450 + -932. Suppose 0 = 13*f - j - 379. What is the highest common factor of 46 and f?
23
Suppose 47*k + 31595 = 36483. Let g(h) = -4*h - 8. Let p be g(-6). Calculate the highest common factor of k and p.
8
Let m(w) = -3*w**2 - 4. Let t be m(-3). Let q = -17 - t. Let o = -277 + 298. Calculate the highest common factor of o and q.
7
Suppose 60*k + 21000 = 10*k. Let v = -402 - k. What is the highest common divisor of v and 117?
9
Suppose -13*o + 9 + 17 = 0. Suppose 1728 = 16*t + o*t. Calculate the highest common divisor of t and 384.
96
Let m(d) = 2*d**2 - 4*d + 2. Suppose 2*h + 3*x + x + 2 = 0, -2 = x. Let t be m(h). Calculate the greatest common factor of 20 and t.
4
Let q(j) = -3*j**2 - 25*j - 1. Let p(o) = -4*o**2 - 38*o - 2. Let c(a) = 5*p(a) - 8*q(a). Let x be c(-5). What is the greatest common divisor of x and 16?
16
Let g = -8 - -10. Suppose 0 = -79*t + 73*t + 156. What is the greatest common divisor of t and g?
2
Let u(a) = 2*a**2 - 27*a + 48. Let r be u(2). Calculate the greatest common divisor of 4 and r.
2
Suppose 5 = -29*x + 63. Suppose 770 = x*y - 2*h, 3*y - 1017 = 5*h + 140. Calculate the highest common factor of 24 and y.
24
Suppose -24*p + 10197 = 15*p + 3801. Calculate the highest common factor of p and 3977.
41
Let d(c) be the second derivative of 1884*c**2 + 3*c - 1885*c**2 + 34*c - 4*c**3. Let k be d(-5). Calculate the highest common divisor of 59 and k.
59
Suppose 0 = -2*g + 17 - 1. Let v(m) = -2*m**3 - 30*m**2 + 29*m - 40. Let d be v(-16). What is the highest common factor of d and g?
8
Let d be 1/(-3 - 10/(-5)) - 3. Let q be ((-96)/9)/d*1056/4. Calculate the greatest common factor of q and 22.
22
Let f(c) = c**2 + 64. Let g be f(0). Let w be (1/27*-18)/((-1)/48). What is the greatest common divisor of g and w?
32
Let q(v) = 55*v**3 - v**2 + 52*v - 52. Let n be q(1). What is the greatest common divisor of n and 2241?
27
Let q(n) = 515*n - 9. Let j be q(1). Let b(y) = -y + 12. Let l be b(-11). Suppose -18*s = -l*s + 230. What is the highest common factor of s and j?
46
Let k = 6 - 4. Let t(v) = 58*v - 1383. Let r be t(24). What is the highest common factor of r and k?
1
Suppose 194*q = 10647 - 9099 + 20762. Calculate the highest common factor of 851 and q.
23
Suppose 163*l - 162*l = 3*o + 6141, -3*l + 18399 = -o. What is the greatest common factor of l and 7?
7
Suppose -8*s + 80 = -18*s. Let q be s/(-4 + (4 - 2)). Suppose -8*f + 5*f = -15, 5*x = -q*f + 230. What is the highest common divisor of x and 70?
14
Suppose 0 = x + 5*y + 16, 4*y = -2*x - 2 - 18. Let h(b) = 19*b + 145. Let m be h(x). What is the greatest common divisor of m and 620?
31
Let a(h) = -217*h - 2813. Let k be a(-14). Suppose 4*f - 4*v = 56, -3*f + 56 = -f + 5*v. Calculate the greatest common divisor of f and k.
9
Let f be 6/10 + (-2)/(-2 + (-2752)/(-1416)). What is the highest common divisor of 342 and f?
18
Let t = -3565 - -3575. Calculate the greatest common factor of t and 775.
5
Let j(i) = 3*i**2 + 4*i - 4. Let u be j(3). Let t be (-49)/245 - (-11)/5. Let x be ((49/(-14))/(-1))/(t/4). Calculate the greatest common factor of u and x.
7
Let u = -936 + 1040. What is the highest common factor of u and 136?
8
Let f be ((-378)/45)/((-2)/10). Let s = f - 36. Suppose -s*c = -36 - 0. What is the greatest common divisor of c and 6?
6
Suppose 0 = -4*b + 2*m + 1263 + 8521, 2436 = b - 3*m. Calculate the highest common factor of 240 and b.
48
Let k = -15 - -16. Let f be 11/((-2)/18*-3*k). What is the greatest common divisor of f and 1056?
33
Suppose -579 = 6*a + 597. Let x be ((-105)/(-10))/((-21)/a). What is the highest common factor of x and 28?
14
Let d be 186/(-341) - 6348/(-22). Calculate the greatest common factor of 768 and d.
96
Suppose 12*z - 268 - 116 = 0. Calculate the highest common divisor of 128 and z.
32
Suppose -4*t - 8 = -0*t. Let j be t/8 - (-2 + (-6722)/8). Suppose -16 = -13*w + j. What is the greatest common factor of 6 and w?
6
Suppose 4*y - 298 = 3*z - 876, -2*z + 4*y = -388. What is the highest common divisor of z and 290?
10
Let h(d) = -d**2 - 7*d - 4. Let g be h(-5). Suppose o - 459 = 